{"id":37657,"date":"2015-05-14T20:25:01","date_gmt":"2015-05-14T18:25:01","guid":{"rendered":"https:\/\/visitoland.com\/?page_id=37657"},"modified":"2015-05-15T13:42:26","modified_gmt":"2015-05-15T11:42:26","slug":"contemporary-swedish-silver-at-vida","status":"publish","type":"page","link":"https:\/\/visitoland.com\/en\/contemporary-swedish-silver-at-vida\/","title":{"rendered":"Contemporary Swedish Silver at VIDA"},"content":{"rendered":"<div class=\"wpb-content-wrapper\"><p>[vc_row][vc_column width=&#8221;1\/1&#8243;][vc_column_text]<\/p>\n<h2 style=\"text-align: center;\">As a treasure box opening!<\/h2>\n<p>[\/vc_column_text][\/vc_column][\/vc_row][vc_row][vc_column width=&#8221;1\/1&#8243;][vc_column_text]The exhibition of contemporary Swedish silver opens like an archeological treasure when you enter the exhibition hall at the Vida Museum. At least we get it explained like that, so we have to use our imagination and the amazing objects we see as the exhibition is under construction at the time of writing.[\/vc_column_text][\/vc_column][\/vc_row][vc_row][vc_column width=&#8221;1\/2&#8243;][vc_column_text]<\/p>\n<h3>Constantly contemporary art<\/h3>\n<p>It is the Association \u201cNutida Svenskt Silver\u201d (Contemporary Swedish Silver) exhibiting their art both in the form of jewelry but also jugs, plates and sculptures and everything in between. As the name indicates, the association shall be contemporary and since it\u2019s been around since 1963 it\u2019s required by the members that they hold the contemporary living by working in the present and be innovative. The members are selected by a jury and they are working in all kinds of material, expressing their art in many different and personal ways.<\/p>\n<p>Barbro Kamras from Vida tell us that many of the participants in the exhibition have participated before and also contributed to the museum with jewelry exhibited and sold at the museum.[\/vc_column_text][\/vc_column][vc_column width=&#8221;1\/2&#8243;][vc_column_text]<img loading=\"lazy\" decoding=\"async\" class=\"aligncenter size-full wp-image-37608\" src=\"https:\/\/visitoland.com\/wp-content\/uploads\/2015\/05\/Karl-Heinz-Sauer-093.jpg\" alt=\"Karlheinz-Sauer-Vida \u00d6land\" width=\"850\" height=\"555\" srcset=\"https:\/\/visitoland.com\/wp-content\/uploads\/2015\/05\/Karl-Heinz-Sauer-093.jpg 850w, https:\/\/visitoland.com\/wp-content\/uploads\/2015\/05\/Karl-Heinz-Sauer-093-150x97.jpg 150w, https:\/\/visitoland.com\/wp-content\/uploads\/2015\/05\/Karl-Heinz-Sauer-093-300x195.jpg 300w, https:\/\/visitoland.com\/wp-content\/uploads\/2015\/05\/Karl-Heinz-Sauer-093-160x104.jpg 160w, https:\/\/visitoland.com\/wp-content\/uploads\/2015\/05\/Karl-Heinz-Sauer-093-260x169.jpg 260w, https:\/\/visitoland.com\/wp-content\/uploads\/2015\/05\/Karl-Heinz-Sauer-093-360x235.jpg 360w\" sizes=\"auto, (max-width: 850px) 100vw, 850px\" \/>Silver comb inspired by the Viking history of \u00d6land by silversmith Karlheinz Sauer[\/vc_column_text][\/vc_column][\/vc_row][vc_row][vc_column width=&#8221;1\/1&#8243;][vc_column_text]The Association \u201cNutida Svenskt Silver\u201d (Contemporary Swedish Silver) is waiting to get a new showroom in Stockholm, and during the time, they have shown up with exhibitions in different places in Sweden, like now here at Vida Museum on \u00d6land.[\/vc_column_text][\/vc_column][\/vc_row][vc_row][vc_column width=&#8221;1\/4&#8243;][vc_column_text]<img loading=\"lazy\" decoding=\"async\" class=\"aligncenter size-full wp-image-37619\" src=\"https:\/\/visitoland.com\/wp-content\/uploads\/2015\/05\/Wolfgang-Gessel-131.jpg\" alt=\"Wolfgang-Gessel-Vida \u00d6land\" width=\"597\" height=\"850\" srcset=\"https:\/\/visitoland.com\/wp-content\/uploads\/2015\/05\/Wolfgang-Gessel-131.jpg 597w, https:\/\/visitoland.com\/wp-content\/uploads\/2015\/05\/Wolfgang-Gessel-131-105x150.jpg 105w, https:\/\/visitoland.com\/wp-content\/uploads\/2015\/05\/Wolfgang-Gessel-131-210x300.jpg 210w, https:\/\/visitoland.com\/wp-content\/uploads\/2015\/05\/Wolfgang-Gessel-131-84x120.jpg 84w, https:\/\/visitoland.com\/wp-content\/uploads\/2015\/05\/Wolfgang-Gessel-131-126x180.jpg 126w, https:\/\/visitoland.com\/wp-content\/uploads\/2015\/05\/Wolfgang-Gessel-131-188x268.jpg 188w\" sizes=\"auto, (max-width: 597px) 100vw, 597px\" \/>Silver platter by Wolfgang Gessel.[\/vc_column_text][\/vc_column][vc_column width=&#8221;1\/2&#8243;][vc_column_text]<\/p>\n<h3>Connecting to \u00d6land<\/h3>\n<p>We meet some artists with relations to \u00d6land or have done work related to the island.<br \/>\nMaria B\u00f6rjesson\u2019s parents are summer \u00d6landers. She has made bracelets in aluminum with silhouettes of \u00d6land.<\/p>\n<p>Annika Daevel participates with, among other things, a sculpture of the girl found during the excavation of Skedemosse in 1959, and candlesticks inspired by rings found at the same excavation.[\/vc_column_text][\/vc_column][vc_column width=&#8221;1\/4&#8243;][vc_column_text]<img loading=\"lazy\" decoding=\"async\" class=\"aligncenter size-full wp-image-37622\" src=\"https:\/\/visitoland.com\/wp-content\/uploads\/2015\/05\/Maria-Boerjesson.-033.jpg\" alt=\"Maria-B\u00f6rjesson Vida \u00d6land\" width=\"630\" height=\"850\" srcset=\"https:\/\/visitoland.com\/wp-content\/uploads\/2015\/05\/Maria-Boerjesson.-033.jpg 630w, https:\/\/visitoland.com\/wp-content\/uploads\/2015\/05\/Maria-Boerjesson.-033-111x150.jpg 111w, https:\/\/visitoland.com\/wp-content\/uploads\/2015\/05\/Maria-Boerjesson.-033-222x300.jpg 222w, https:\/\/visitoland.com\/wp-content\/uploads\/2015\/05\/Maria-Boerjesson.-033-88x120.jpg 88w, https:\/\/visitoland.com\/wp-content\/uploads\/2015\/05\/Maria-Boerjesson.-033-133x180.jpg 133w, https:\/\/visitoland.com\/wp-content\/uploads\/2015\/05\/Maria-Boerjesson.-033-198x268.jpg 198w\" sizes=\"auto, (max-width: 630px) 100vw, 630px\" \/>Jewelry by Maria B\u00f6rjesson.[\/vc_column_text][\/vc_column][\/vc_row][vc_row][vc_column width=&#8221;1\/1&#8243;][vc_column_text]The only member living on \u00d6land is Karlheinz Sauer, who has workshops in both Ottenby and M\u00f6rbyl\u00e5nga. Karlheinz has two combs in silver inspired by the Viking history of \u00d6land.<\/p>\n<p>The joint exhibition is open from May 1<sup>st<\/sup> to June 21<sup>st<\/sup>.<\/p>\n<p>Finally, there are so many more works worth mentioning, such as the beautiful stone necklaces with precious and ordinary stones and also the amazing neck ring made of common metal, so just come here and pick your own favorites![\/vc_column_text][\/vc_column][\/vc_row][vc_row][vc_column width=&#8221;1\/3&#8243;][vc_column_text]<img loading=\"lazy\" decoding=\"async\" class=\"aligncenter size-full wp-image-37643\" src=\"https:\/\/visitoland.com\/wp-content\/uploads\/2015\/05\/Oeland-112.jpg\" alt=\"Josefine Davidsson Vida \u00d6land\" width=\"850\" height=\"715\" srcset=\"https:\/\/visitoland.com\/wp-content\/uploads\/2015\/05\/Oeland-112.jpg 850w, https:\/\/visitoland.com\/wp-content\/uploads\/2015\/05\/Oeland-112-150x126.jpg 150w, https:\/\/visitoland.com\/wp-content\/uploads\/2015\/05\/Oeland-112-300x252.jpg 300w, https:\/\/visitoland.com\/wp-content\/uploads\/2015\/05\/Oeland-112-142x120.jpg 142w, https:\/\/visitoland.com\/wp-content\/uploads\/2015\/05\/Oeland-112-213x180.jpg 213w, https:\/\/visitoland.com\/wp-content\/uploads\/2015\/05\/Oeland-112-318x268.jpg 318w\" sizes=\"auto, (max-width: 850px) 100vw, 850px\" \/>Josefine Davidsson[\/vc_column_text][\/vc_column][vc_column width=&#8221;1\/3&#8243;][vc_column_text]<img loading=\"lazy\" decoding=\"async\" class=\"aligncenter size-full wp-image-37646\" src=\"https:\/\/visitoland.com\/wp-content\/uploads\/2015\/05\/Oeland-085.jpg\" alt=\"Karlheinz Sauer Vida \u00d6land\" width=\"850\" height=\"750\" srcset=\"https:\/\/visitoland.com\/wp-content\/uploads\/2015\/05\/Oeland-085.jpg 850w, https:\/\/visitoland.com\/wp-content\/uploads\/2015\/05\/Oeland-085-150x132.jpg 150w, https:\/\/visitoland.com\/wp-content\/uploads\/2015\/05\/Oeland-085-300x264.jpg 300w, https:\/\/visitoland.com\/wp-content\/uploads\/2015\/05\/Oeland-085-136x120.jpg 136w, https:\/\/visitoland.com\/wp-content\/uploads\/2015\/05\/Oeland-085-204x180.jpg 204w, https:\/\/visitoland.com\/wp-content\/uploads\/2015\/05\/Oeland-085-303x268.jpg 303w\" sizes=\"auto, (max-width: 850px) 100vw, 850px\" \/>Karlheinz Sauer[\/vc_column_text][\/vc_column][vc_column width=&#8221;1\/3&#8243;][vc_column_text]<img loading=\"lazy\" decoding=\"async\" class=\"aligncenter size-full wp-image-37649\" src=\"https:\/\/visitoland.com\/wp-content\/uploads\/2015\/05\/Oeland-109.jpg\" alt=\"Annika Daevel  Vida \u00d6land\" width=\"850\" height=\"692\" srcset=\"https:\/\/visitoland.com\/wp-content\/uploads\/2015\/05\/Oeland-109.jpg 850w, https:\/\/visitoland.com\/wp-content\/uploads\/2015\/05\/Oeland-109-150x122.jpg 150w, https:\/\/visitoland.com\/wp-content\/uploads\/2015\/05\/Oeland-109-300x244.jpg 300w, https:\/\/visitoland.com\/wp-content\/uploads\/2015\/05\/Oeland-109-147x120.jpg 147w, https:\/\/visitoland.com\/wp-content\/uploads\/2015\/05\/Oeland-109-221x180.jpg 221w, https:\/\/visitoland.com\/wp-content\/uploads\/2015\/05\/Oeland-109-329x268.jpg 329w\" sizes=\"auto, (max-width: 850px) 100vw, 850px\" \/>Annika Daevel[\/vc_column_text][\/vc_column][\/vc_row][vc_row][vc_column width=&#8221;1\/4&#8243;][vc_column_text]<img loading=\"lazy\" decoding=\"async\" class=\"aligncenter size-full wp-image-35583\" src=\"https:\/\/visitoland.com\/wp-content\/uploads\/2014\/06\/LOGO-utan-bakgrund.jpg\" alt=\"\u00d6landsjournalen, \u00d6land\" width=\"800\" height=\"327\" srcset=\"https:\/\/visitoland.com\/wp-content\/uploads\/2014\/06\/LOGO-utan-bakgrund.jpg 800w, https:\/\/visitoland.com\/wp-content\/uploads\/2014\/06\/LOGO-utan-bakgrund-150x61.jpg 150w, https:\/\/visitoland.com\/wp-content\/uploads\/2014\/06\/LOGO-utan-bakgrund-300x122.jpg 300w, https:\/\/visitoland.com\/wp-content\/uploads\/2014\/06\/LOGO-utan-bakgrund-160x65.jpg 160w, https:\/\/visitoland.com\/wp-content\/uploads\/2014\/06\/LOGO-utan-bakgrund-260x106.jpg 260w, https:\/\/visitoland.com\/wp-content\/uploads\/2014\/06\/LOGO-utan-bakgrund-360x147.jpg 360w\" sizes=\"auto, (max-width: 800px) 100vw, 800px\" \/>[\/vc_column_text][\/vc_column][vc_column width=&#8221;3\/4&#8243;][vc_column_text]Text: Lotta Haglund Photo: Birger Lallo[\/vc_column_text][\/vc_column][\/vc_row]<\/p>\n<\/div>","protected":false},"excerpt":{"rendered":"<p>[vc_row][vc_column width=&#8221;1\/1&#8243;][vc_column_text] As a treasure box opening! [\/vc_column_text][\/vc_column][\/vc_row][vc_row][vc_column width=&#8221;1\/1&#8243;][vc_column_text]The exhibition of contemporary Swedish silver opens like an archeological treasure when you enter the exhibition hall at the Vida Museum. At least we get it explained like that, so we have to use our imagination and the amazing objects we see as the exhibition is under&nbsp; &nbsp;<a href=\"https:\/\/visitoland.com\/en\/contemporary-swedish-silver-at-vida\/\">&#8230;Continue Reading<\/a><\/p>\n","protected":false},"author":2,"featured_media":37653,"parent":0,"menu_order":0,"comment_status":"open","ping_status":"open","template":"","meta":{"footnotes":""},"class_list":["post-37657","page","type-page","status-publish","has-post-thumbnail","hentry"],"aioseo_notices":[],"_links":{"self":[{"href":"https:\/\/visitoland.com\/en\/wp-json\/wp\/v2\/pages\/37657","targetHints":{"allow":["GET"]}}],"collection":[{"href":"https:\/\/visitoland.com\/en\/wp-json\/wp\/v2\/pages"}],"about":[{"href":"https:\/\/visitoland.com\/en\/wp-json\/wp\/v2\/types\/page"}],"author":[{"embeddable":true,"href":"https:\/\/visitoland.com\/en\/wp-json\/wp\/v2\/users\/2"}],"replies":[{"embeddable":true,"href":"https:\/\/visitoland.com\/en\/wp-json\/wp\/v2\/comments?post=37657"}],"version-history":[{"count":0,"href":"https:\/\/visitoland.com\/en\/wp-json\/wp\/v2\/pages\/37657\/revisions"}],"wp:featuredmedia":[{"embeddable":true,"href":"https:\/\/visitoland.com\/en\/wp-json\/wp\/v2\/media\/37653"}],"wp:attachment":[{"href":"https:\/\/visitoland.com\/en\/wp-json\/wp\/v2\/media?parent=37657"}],"curies":[{"name":"wp","href":"https:\/\/api.w.org\/{rel}","templated":true}]}}

<div class="wpb-content-wrapper"><p>[vc_row][vc_column width=&#8221;1/1&#8243;][vc_column_text]</p>
<h2 style="text-align: center;">As a treasure box opening!</h2>
<p>[/vc_column_text][/vc_column][/vc_row][vc_row][vc_column width=&#8221;1/1&#8243;][vc_column_text]The exhibition of contemporary Swedish silver opens like an archeological treasure when you enter the exhibition hall at the Vida Museum. At least we get it explained like that, so we have to use our imagination and the amazing objects we see as the exhibition is under construction at the time of writing.[/vc_column_text][/vc_column][/vc_row][vc_row][vc_column width=&#8221;1/2&#8243;][vc_column_text]</p>
<h3>Constantly contemporary art</h3>
<p>It is the Association “Nutida Svenskt Silver” (Contemporary Swedish Silver) exhibiting their art both in the form of jewelry but also jugs, plates and sculptures and everything in between. As the name indicates, the association shall be contemporary and since it’s been around since 1963 it’s required by the members that they hold the contemporary living by working in the present and be innovative. The members are selected by a jury and they are working in all kinds of material, expressing their art in many different and personal ways.</p>
<p>Barbro Kamras from Vida tell us that many of the participants in the exhibition have participated before and also contributed to the museum with jewelry exhibited and sold at the museum.[/vc_column_text][/vc_column][vc_column width=&#8221;1/2&#8243;][vc_column_text]<img loading="lazy" decoding="async" class="aligncenter size-full wp-image-37608" src="https://visitoland.com/wp-content/uploads/2015/05/Karl-Heinz-Sauer-093.jpg" alt="Karlheinz-Sauer-Vida Öland" width="850" height="555" srcset="https://visitoland.com/wp-content/uploads/2015/05/Karl-Heinz-Sauer-093.jpg 850w, https://visitoland.com/wp-content/uploads/2015/05/Karl-Heinz-Sauer-093-150x97.jpg 150w, https://visitoland.com/wp-content/uploads/2015/05/Karl-Heinz-Sauer-093-300x195.jpg 300w, https://visitoland.com/wp-content/uploads/2015/05/Karl-Heinz-Sauer-093-160x104.jpg 160w, https://visitoland.com/wp-content/uploads/2015/05/Karl-Heinz-Sauer-093-260x169.jpg 260w, https://visitoland.com/wp-content/uploads/2015/05/Karl-Heinz-Sauer-093-360x235.jpg 360w" sizes="auto, (max-width: 850px) 100vw, 850px" />Silver comb inspired by the Viking history of Öland by silversmith Karlheinz Sauer[/vc_column_text][/vc_column][/vc_row][vc_row][vc_column width=&#8221;1/1&#8243;][vc_column_text]The Association “Nutida Svenskt Silver” (Contemporary Swedish Silver) is waiting to get a new showroom in Stockholm, and during the time, they have shown up with exhibitions in different places in Sweden, like now here at Vida Museum on Öland.[/vc_column_text][/vc_column][/vc_row][vc_row][vc_column width=&#8221;1/4&#8243;][vc_column_text]<img loading="lazy" decoding="async" class="aligncenter size-full wp-image-37619" src="https://visitoland.com/wp-content/uploads/2015/05/Wolfgang-Gessel-131.jpg" alt="Wolfgang-Gessel-Vida Öland" width="597" height="850" srcset="https://visitoland.com/wp-content/uploads/2015/05/Wolfgang-Gessel-131.jpg 597w, https://visitoland.com/wp-content/uploads/2015/05/Wolfgang-Gessel-131-105x150.jpg 105w, https://visitoland.com/wp-content/uploads/2015/05/Wolfgang-Gessel-131-210x300.jpg 210w, https://visitoland.com/wp-content/uploads/2015/05/Wolfgang-Gessel-131-84x120.jpg 84w, https://visitoland.com/wp-content/uploads/2015/05/Wolfgang-Gessel-131-126x180.jpg 126w, https://visitoland.com/wp-content/uploads/2015/05/Wolfgang-Gessel-131-188x268.jpg 188w" sizes="auto, (max-width: 597px) 100vw, 597px" />Silver platter by Wolfgang Gessel.[/vc_column_text][/vc_column][vc_column width=&#8221;1/2&#8243;][vc_column_text]</p>
<h3>Connecting to Öland</h3>
<p>We meet some artists with relations to Öland or have done work related to the island.<br />
Maria Börjesson’s parents are summer Ölanders. She has made bracelets in aluminum with silhouettes of Öland.</p>
<p>Annika Daevel participates with, among other things, a sculpture of the girl found during the excavation of Skedemosse in 1959, and candlesticks inspired by rings found at the same excavation.[/vc_column_text][/vc_column][vc_column width=&#8221;1/4&#8243;][vc_column_text]<img loading="lazy" decoding="async" class="aligncenter size-full wp-image-37622" src="https://visitoland.com/wp-content/uploads/2015/05/Maria-Boerjesson.-033.jpg" alt="Maria-Börjesson Vida Öland" width="630" height="850" srcset="https://visitoland.com/wp-content/uploads/2015/05/Maria-Boerjesson.-033.jpg 630w, https://visitoland.com/wp-content/uploads/2015/05/Maria-Boerjesson.-033-111x150.jpg 111w, https://visitoland.com/wp-content/uploads/2015/05/Maria-Boerjesson.-033-222x300.jpg 222w, https://visitoland.com/wp-content/uploads/2015/05/Maria-Boerjesson.-033-88x120.jpg 88w, https://visitoland.com/wp-content/uploads/2015/05/Maria-Boerjesson.-033-133x180.jpg 133w, https://visitoland.com/wp-content/uploads/2015/05/Maria-Boerjesson.-033-198x268.jpg 198w" sizes="auto, (max-width: 630px) 100vw, 630px" />Jewelry by Maria Börjesson.[/vc_column_text][/vc_column][/vc_row][vc_row][vc_column width=&#8221;1/1&#8243;][vc_column_text]The only member living on Öland is Karlheinz Sauer, who has workshops in both Ottenby and Mörbylånga. Karlheinz has two combs in silver inspired by the Viking history of Öland.</p>
<p>The joint exhibition is open from May 1<sup>st</sup> to June 21<sup>st</sup>.</p>
<p>Finally, there are so many more works worth mentioning, such as the beautiful stone necklaces with precious and ordinary stones and also the amazing neck ring made of common metal, so just come here and pick your own favorites![/vc_column_text][/vc_column][/vc_row][vc_row][vc_column width=&#8221;1/3&#8243;][vc_column_text]<img loading="lazy" decoding="async" class="aligncenter size-full wp-image-37643" src="https://visitoland.com/wp-content/uploads/2015/05/Oeland-112.jpg" alt="Josefine Davidsson Vida Öland" width="850" height="715" srcset="https://visitoland.com/wp-content/uploads/2015/05/Oeland-112.jpg 850w, https://visitoland.com/wp-content/uploads/2015/05/Oeland-112-150x126.jpg 150w, https://visitoland.com/wp-content/uploads/2015/05/Oeland-112-300x252.jpg 300w, https://visitoland.com/wp-content/uploads/2015/05/Oeland-112-142x120.jpg 142w, https://visitoland.com/wp-content/uploads/2015/05/Oeland-112-213x180.jpg 213w, https://visitoland.com/wp-content/uploads/2015/05/Oeland-112-318x268.jpg 318w" sizes="auto, (max-width: 850px) 100vw, 850px" />Josefine Davidsson[/vc_column_text][/vc_column][vc_column width=&#8221;1/3&#8243;][vc_column_text]<img loading="lazy" decoding="async" class="aligncenter size-full wp-image-37646" src="https://visitoland.com/wp-content/uploads/2015/05/Oeland-085.jpg" alt="Karlheinz Sauer Vida Öland" width="850" height="750" srcset="https://visitoland.com/wp-content/uploads/2015/05/Oeland-085.jpg 850w, https://visitoland.com/wp-content/uploads/2015/05/Oeland-085-150x132.jpg 150w, https://visitoland.com/wp-content/uploads/2015/05/Oeland-085-300x264.jpg 300w, https://visitoland.com/wp-content/uploads/2015/05/Oeland-085-136x120.jpg 136w, https://visitoland.com/wp-content/uploads/2015/05/Oeland-085-204x180.jpg 204w, https://visitoland.com/wp-content/uploads/2015/05/Oeland-085-303x268.jpg 303w" sizes="auto, (max-width: 850px) 100vw, 850px" />Karlheinz Sauer[/vc_column_text][/vc_column][vc_column width=&#8221;1/3&#8243;][vc_column_text]<img loading="lazy" decoding="async" class="aligncenter size-full wp-image-37649" src="https://visitoland.com/wp-content/uploads/2015/05/Oeland-109.jpg" alt="Annika Daevel  Vida Öland" width="850" height="692" srcset="https://visitoland.com/wp-content/uploads/2015/05/Oeland-109.jpg 850w, https://visitoland.com/wp-content/uploads/2015/05/Oeland-109-150x122.jpg 150w, https://visitoland.com/wp-content/uploads/2015/05/Oeland-109-300x244.jpg 300w, https://visitoland.com/wp-content/uploads/2015/05/Oeland-109-147x120.jpg 147w, https://visitoland.com/wp-content/uploads/2015/05/Oeland-109-221x180.jpg 221w, https://visitoland.com/wp-content/uploads/2015/05/Oeland-109-329x268.jpg 329w" sizes="auto, (max-width: 850px) 100vw, 850px" />Annika Daevel[/vc_column_text][/vc_column][/vc_row][vc_row][vc_column width=&#8221;1/4&#8243;][vc_column_text]<img loading="lazy" decoding="async" class="aligncenter size-full wp-image-35583" src="https://visitoland.com/wp-content/uploads/2014/06/LOGO-utan-bakgrund.jpg" alt="Ölandsjournalen, Öland" width="800" height="327" srcset="https://visitoland.com/wp-content/uploads/2014/06/LOGO-utan-bakgrund.jpg 800w, https://visitoland.com/wp-content/uploads/2014/06/LOGO-utan-bakgrund-150x61.jpg 150w, https://visitoland.com/wp-content/uploads/2014/06/LOGO-utan-bakgrund-300x122.jpg 300w, https://visitoland.com/wp-content/uploads/2014/06/LOGO-utan-bakgrund-160x65.jpg 160w, https://visitoland.com/wp-content/uploads/2014/06/LOGO-utan-bakgrund-260x106.jpg 260w, https://visitoland.com/wp-content/uploads/2014/06/LOGO-utan-bakgrund-360x147.jpg 360w" sizes="auto, (max-width: 800px) 100vw, 800px" />[/vc_column_text][/vc_column][vc_column width=&#8221;3/4&#8243;][vc_column_text]Text: Lotta Haglund Photo: Birger Lallo[/vc_column_text][/vc_column][/vc_row]</p>
</div>
